ermine l(j).
9
Let a(o) = o**3 + 7*o**2 + 7*o + 7. Let v = -92 + 86. Give a(v).
1
Suppose -27 = 4*x + 9. Let m(c) be the second derivative of c**3/3 - c**2 - c - 69. What is m(x)?
-20
Let o(a) = -2*a**2 + 2 - 26*a + 18*a + 3*a**2 + 3. What is o(5)?
-10
Let t(j) be the second derivative of -1/20*j**5 - 1/2*j**2 + 0 + 1/2*j**4 + 7*j - 2/3*j**3. Calculate t(5).
4
Let g(s) = -4*s - 23. Let p be g(-6). Let r(u) = 1. Let c(l) = l - 1. Let f(b) = -2*c(b) - 2*r(b). Give f(p).
-2
Let o(z) = 2*z - 8. Let x be o(6). Suppose -2*r + 12 = -x*r. Let y = r + 9. Let i(w) = w**2 - 3*w - 3. Give i(y).
-3
Let v(x) be the second derivative of -5*x**3/6 - 5*x**2 - 110*x. Give v(-3).
5
Let j(p) = -p + 1 + 6*p - 3*p - 4*p + 3*p. Let c(s) = -s**3 - s**2 + s - 1. Let x be c(0). Give j(x).
0
Let h(y) be the third derivative of 0*y + 1/2*y**3 + 0 + 1/60*y**5 + 1/12*y**4 - 7*y**2. Determine h(-3).
6
Let r be (-3)/(-12) - (-87)/(-12). Let q(l) = -l**3 - 8*l**2 - 7*l - 5. Determine q(r).
-5
Let u(o) = -6 + 2*o**3 + 3*o**3 + 313*o**2 - 4*o**3 - 341*o**2. Give u(28).
-6
Let k(b) be the second derivative of 0 + 1/6*b**3 + 3*b**2 + 5*b. Give k(-4).
2
Let p(i) = 2*i**3 - i**2 + 6*i + 11. Let m(k) = k**3 + 3*k + 5. Let g(f) = -9*m(f) + 4*p(f). Let o be (-2)/(-1*8/44). Suppose 6*v + 7 = -o. Calculate g(v).
-1
Let j(k) = -3*k**2 + 7*k - 14. Let w = -18 - -20. Let p(c) = 4 + c**2 + 27*c + w - 1 - 29*c. Let t(u) = -3*j(u) - 8*p(u). What is t(3)?
-4
Let i be (12/24)/((-1)/(-144)). Let f = i + -42. Suppose 6*z - z + f = 0. Let n(b) = -b - 6. What is n(z)?
0
Let h(d) = -d**3 + 4*d**2 + 2*d + 1. Suppose -36 = 9*j - 18*j. Give h(j).
9
Suppose 2*u = -5*a + 50, 0*a + 2*u + 14 = 3*a. Let f be (-4)/(-8)*a + -3. Let n(j) = -8*j + 6*j + j + f - 5*j**2. Determine n(1).
-5
Let s(x) be the third derivative of x**6/120 - 7*x**5/60 + 3*x**4/8 - 7*x**3/3 - 130*x**2 + 1. Give s(6).
4
Let g = -50 + 43. Let q(t) = -4*t**3 + 17*t**2 + 24*t - 3. Let u(m) = -m**3 + 6*m**2 + 8*m - 1. Let o(f) = g*u(f) + 2*q(f). What is o(-7)?
8
Let l(z) = 2*z**3 - 3*z**2 + 3*z. Suppose y = -2, 0 = -2*d - 5*y - 7 - 3. Let m(h) = 3*h**2. Let f be m(1). Suppose f*x - 1 - 5 = d. Give l(x).
10
Let n(x) be the first derivative of x**4/4 + 5*x**3/3 - x**2/2 - 4*x + 22. Let o = -19 - -15. Calculate n(o).
16
Let o(l) = 155 + 0*l**2 - 152 - 6*l**2 - l + 5*l**2. Determine o(-3).
-3
Let w(n) = 0 - 9 + 309*n - 312*n. Let s(b) = -b**3 - 4*b**2 - 2*b - 6. Let x be s(-4). Suppose 5*o = -3*a - 27, a = x*o - 3*a + 16. Give w(o).
9
Let c(m) = m**3 - m**2 + m. Let r(o) = -2*o**3 - 3*o**2 - 5*o + 1. Let u(a) = c(a) + r(a). Determine u(-3).
4
Suppose 2035*w - 2027*w = 48. Let o(h) = -h**2 + 2*h + 11. Give o(w).
-13
Let r = 0 + 1. Let f(u) be the third derivative of u**5/5 - u**4/24 - 60*u**2. Calculate f(r).
11
Let l(b) = b**2 + 697*b - 4 - 12 - 686*b. Calculate l(-12).
-4
Let r = 206 - 205. Let o(s) = -8*s - 1. Calculate o(r).
-9
Let t(c) = c - 9117*c**2 + 9118*c**2 - 8*c. Let h be (-2 - -4 - -5) + -2. Calculate t(h).
-10
Suppose 26 = -49*s - 72. Let g(m) be the first derivative of 7*m**2 + 2*m - 1. What is g(s)?
-26
Suppose 0 = -g + 6*g - 20. Let s(i) be the first derivative of -i**2 - 2*i - 6. Let y(l) = 6*l + 5. Let f(t) = 17*s(t) + 6*y(t). Give f(g).
4
Let j(i) be the first derivative of -i**2/2 + 6. Let y be (1 - 0) + 5 + 6. Suppose 3*f + y = f. Give j(f).
6
Let z(i) = -5*i - 33. Let u(n) = -n - 8. Let y(l) = -9*u(l) + 2*z(l). Give y(0).
6
Let n(f) = -f + 6. Let t(d) = -d**2 - 8*d + 2. Let c be t(-7). Suppose -11*a - 30 = -13*a. Let i = a - c. Calculate n(i).
0
Let k(z) = 2*z + 24. Let i(a) = -a**2 + 32*a - 201. Let s be i(8). Give k(s).
6
Let r = 6 - 3. Let a(p) = 3*p**3 - 6*p**2 - 4*p + 5 + 2*p - 2*p**r - 6*p. Give a(7).
-2
Let v(l) = -l**2 + 9*l + 9. Let b(k) = 2*k**2 + 17*k + 45. Let p be b(-4). Calculate v(p).
9
Let v be (40/14)/(2/7). Suppose -3*q + q - v = 0. Let s(d) = -d**3 - 5*d**2 - d - 7. Determine s(q).
-2
Let l(u) = 6*u - 93. Suppose 5*r - 79 = 3*o - 1, -o = -2*r + 31. Give l(r).
-3
Let u(w) = w**3 - 4*w**2 + 4 - 3*w - w - 2. Let r(m) = -m**3 - 3*m**2 + 3*m + 1. Suppose -5*x = 5*a + 35, 0 = x + 3*x + 12. Let d be r(a). Calculate u(d).
7
Let f be 6/(24/10)*(-6)/5. Let y(a) = a**3 + 3*a**2 - 2*a - 7. What is y(f)?
-1
Let l(g) = g - 6. Let p be (-37)/(-4) - 6/(-8). Let m be 26/p + 9/(-15). Suppose 5*b = -10, m*f + 0*b + 6 = 2*b. Calculate l(f).
-11
Let u(z) = -z + 31. Suppose -4*x - 17*m = -16*m, 5*x = -5*m. Determine u(x).
31
Let y(g) = 3*g + 6. Let l = -6 - -12. Suppose 4*k - 3*v - 2 + l = 0, -k - 5*v = 24. What is y(k)?
-6
Let k(x) = x + 6. Let c(v) = 17*v + 146. Let i be c(-8). What is k(i)?
16
Let m be 11/33 - ((-15)/9 + 2). Let n(d) = d**3 + d + 27. Calculate n(m).
27
Let r(l) = -l**3 + l**2 - l. Let u(x) = -2*x**3 - 4*x**2 + 6*x - 1. Let i(s) = -4*r(s) - u(s). Let m = 799 + -798. Calculate i(m).
5
Suppose 5*t + 15 + 0 = 0, 3*o - 2*t - 15 = 0. Let m = -40 - -50. Let y(i) = 3*i + i**2 + 6*i + 3 - 2*i - m*i. What is y(o)?
3
Let m(j) be the second derivative of -j**4/12 - j**3/2 + 3*j**2 + 6*j. Let t be 1/(-3)*(4 + 11). What is m(t)?
-4
Let m(f) = -4*f**2 + 24*f + 23. Let r(h) = h**2 - 8*h - 8. Let s(i) = -2*m(i) - 7*r(i). Calculate s(-5).
-5
Let k(b) = b**2 - 5*b + 3. Let f(y) = 1. Suppose 5*o + 9 = t, 3*t + t - 17 = o. Let v(s) = o*f(s) - k(s). What is v(3)?
2
Let r(p) = 8*p - 1. Suppose -k - 7 = -u - 2, u - 3*k - 5 = 0. Suppose -j + 0*z - 26 = u*z, 4*j + 5*z = -29. Determine r(j).
-9
Let o(d) be the second derivative of -d**5/20 - d**3/6 + 4*d**2 + d + 3. Determine o(0).
8
Suppose 0*y + 2*y - 4*f = 0, 4*y + f = 9. Suppose -y = -2*i + i. Let m(o) = 3 + o + 5*o - i*o - 3*o. Determine m(-6).
-3
Let b(q) = -2*q - 10. Let u = 1161 + -1168. Determine b(u).
4
Let k(m) = -m**3 - 8*m**2 - m - 10. Suppose -3*z + t + 2 = 24, -3*z + 3*t - 18 = 0. Determine k(z).
-2
Let j be 21/(-3)*(-6)/7. Suppose 30 = -0*k - j*k. Let y be k*((-8)/20 - -2). Let w(z) = -z - 8. Calculate w(y).
0
Let j = -11 + 6. Let g(r) = -8*r - 2. Let c(b) = b**2 - 26*b - 8. Let x(a) = c(a) - 4*g(a). Give x(j).
-5
Let x(c) = -c**3 + 6*c**2 + 5*c + 10. Suppose 3*b = 4*b + 2, -4*d = -b - 30. What is x(d)?
-4
Let j(b) be the third derivative of -b**6/120 + 2*b**5/15 + b**4/2 - 2*b**3 + 91*b**2. Give j(9).
15
Let o(h) = -3*h**2 + 1. Let r be o(1). Let m = 5 + r. Let z(i) = -1 - 4 - 3*i**2 + 5*i**2 - 3*i**2 + 0*i**2 + 7*i + 2. Determine z(m).
9
Let r be (-10)/(-14) + -1 + (-2860)/(-455). Let o(a) = 2*a - 3. Determine o(r).
9
Let c(y) = -y**2 - 9*y + 44. Let a be c(-12). Let z(h) = h**3 - 8*h**2 - 3*h + 7. Calculate z(a).
-17
Let o(d) = -2*d - 6. Suppose 7*z + 7 = -u + 3*z, -3*u - z - 21 = 0. What is o(u)?
8
Let v(p) = -p + 6. Let o be v(0). Suppose -2*n + 5*n = o. Suppose -n*m = q + 2, -4*m + 8*q + 24 = 3*q. Let d(l) = 5*l**3 + l**2 - l + 1. Calculate d(m).
6
Let x(w) be the third derivative of -w**7/5040 + w**6/90 - 3*w**5/20 + 14*w**2. Let p(v) be the third derivative of x(v). Let z = 12 + -6. Determine p(z).
2
Let o(j) = -j**3 + j - 11. Let c(u) = -4*u + 13. Let v(l) = 1. Let g(s) = -c(s) + 3*v(s). Let k be g(3). Suppose 0 = -2*r - k*r. Give o(r).
-11
Suppose -9*o + 14*o - 5*v - 15 = 0, -3*o + 11 = -v. Let x(u) be the first derivative of 0*u + 1/4*u**o - 1/2*u**2 - u**3 + 10. What is x(4)?
12
Let g(s) = -2*s - 2. Let n = 1 + 15. Suppose h + 3*h = n. Suppose -h = 5*t + 11. Determine g(t).
4
Let c = 1096 - 1089. Let q(m) = 2*m**2 - 7*m - 4. What is q(c)?
45
Let c(q) = q**2 - 1. Let d(j) be the second derivative of -j**4/2 + j**3/6 + 4*j**2 - j. Suppose 14 = a + 9. Let i(v) = a*c(v) + d(v). What is i(3)?
-3
Let d(f) = -6*f**2 + 16*f + 10. Let v(p) = p**2 - p. Let b(y) = -d(y) - 5*v(y). Determine b(11).
-10
Let c = -32 + 35. Suppose 2*f = -c*f - 0*f. Let l(x) = -x**3 - 3. What is l(f)?
-3
Let b be 56/(-35)*10/(-4). Suppose 0 = 2*m - b*m - 2. Let a(o) = -9*o + 1. Determine a(m).
10
Let o(k) = -k**2 - 8*k - 13. Let h(g) = 8*g**3 + 2*g**2 - 1. Let u be h(-1). Determine o(u).
-6
Let m(y) = 5 - 74*y - 11 - 74*y + 149*y. Give m(3).
-3
Let i(h) = -10*h**3 - 2*h**2 + 3. Let l be (2/6)/(1/6). Let c(j) = 11*j**3 + 3*j**2 - 4. Let o(u) = l*c(u) + 3*i(u). Suppose -5 = -28*r + 23*r. What is o(r)?
-7
Let v(f) = 5*f + 4. Let u(o) = -2*o**2 - 12*o - 8. Let h be u(-5). Let n be -6 - (-